econd derivative of 3*l**2 - 7/24*l**4 + 16*l + 1/2*l**3 + 0 + 1/60*l**5. Let n(z) be the first derivative of m(z). Give n(7).
3
Let v(c) = -c**3 - 12*c**2 + 19*c - 27. Let p(m) = 80*m + 3026. Let b be p(-38). Calculate v(b).
99
Suppose -2*n - 5*r - 8 = 0, 4*n - 4*r - 9 = 3*n. Let v(p) = -8 + 5*p + n + 6 + 23*p. Give v(1).
27
Suppose -16*l + 570 = -13*l - i, 2*l + 5*i = 363. Suppose -2*d + l - 189 = 0. Let x(w) = w**2 - w - 19. Calculate x(d).
-19
Let j(g) = -9*g**2 - 4*g + 35. Let t(f) = -4*f**2 - 2*f + 15. Let l(s) = 3*j(s) - 7*t(s). Give l(-9).
63
Let f(c) be the second derivative of -c**4/3 + c**3/6 - 5*c**2 - 161*c + 2. What is f(0)?
-10
Let q = -9 + 5. Let k(r) = -r**3 - 4*r**2 + r - 2. Let l be k(q). Let j(z) = -13 - 5*z - z + 7 + 5*z. Calculate j(l).
0
Let s(a) = -a**2 + 7*a - 3. Suppose -5*c + 4*x = 2, 5*x = 2*c - 3*c + 17. Let q(n) = -1 + 7*n - n**3 - 2*n**2 + 4 - 3*n**c - n**2. Let p be q(-7). Give s(p).
9
Suppose 37 - 22 = 3*v. Let w(z) = 4*z**2 - 14*z - 10. Let u(m) = -3*m**2 + 12*m + 10. Let g(p) = v*u(p) + 4*w(p). Determine g(-5).
15
Let l = -1717 + 1722. Let r(c) be the first derivative of l*c + 1/3*c**3 + 5/2*c**2 - 21. What is r(-4)?
1
Let o(k) = 1 + 16 + 5*k + 0*k + 9*k**2 - k**3 - 20. Give o(9).
42
Let g = 87 + -86. Let w(l) = -14*l + 7*l**2 + 15*l + g - 10*l**2. Let h(t) = -t**2 - t. Let b(n) = 4*h(n) - w(n). Determine b(-4).
3
Let h(m) = 23*m. Let w(z) = -z**2 - 141*z + 11. Let f(c) = -6*h(c) - w(c). Determine f(3).
7
Let r(k) be the second derivative of -k**4/6 + k**3 - 7*k**2/2 + 590*k. Determine r(5).
-27
Let d(b) be the third derivative of b**7/1008 + 11*b**6/720 + b**5/60 + 68*b**3/3 + 5*b**2. Let x(t) be the third derivative of d(t). Give x(-3).
-4
Let u(t) = 186*t**2 - 8 + 183*t**2 - 141*t - 370*t**2 + 151*t. What is u(10)?
-8
Suppose -a + 0 = -5. Let x(t) be the first derivative of -t**3/6 + 7*t**2/2 - 247*t + 46. Let h(w) be the first derivative of x(w). Determine h(a).
2
Let y = 566 + -426. Suppose -18*o - 17*o = -y. Let f(h) = -h**2 + 2*h + 12. Determine f(o).
4
Let x(b) = -7*b**2 + 68*b + 71. Let p(w) = 3*w**2 - 26. Let r(q) = 4*p(q) + x(q). Give r(-14).
-5
Let n(y) be the second derivative of 5*y**3 + y**2/2 + 133176*y. Let k be (-6)/27 - (-14)/(-18). What is n(k)?
-29
Suppose 2*c = 5*k + 24, 0*c + 14 = 3*c - 2*k. Let l be (2*(-2)/4)/(c/(-2)). Let d(j) = 2*j**2 - 2*j + 1. Give d(l).
1
Let u(g) = g**3 - 12*g**2 + 11*g + 1. Suppose 3*c + 5*s + 10 - 58 = 0, -5*s - 7 = -2*c. Determine u(c).
1
Let c(a) = 7*a**3 - 17*a**2 + 7*a - 15. Let r(i) = -2*i**3 + 3*i**2 + i + 2. Let d(f) = c(f) + 3*r(f). Determine d(6).
-21
Let u(o) be the second derivative of -3/2*o**2 - 1/20*o**5 + 1/12*o**4 - 25*o + 1/3*o**3 - 1. Let d be (-2)/(-2) + 2/2. Give u(d).
-3
Let z(c) be the second derivative of c**4/12 - 11*c**3/6 + 13*c**2 - 2390*c - 1. What is z(11)?
26
Let p(t) = t**2 - 35*t + 33. Let x be p(29). Let w = x + 136. Let l(b) = b + 7. Determine l(w).
2
Let r = -5 - -10. Suppose -7 = 9*m - 34. Suppose -v = -r*u, m*u = -2*v + 3*v - 2. Let a(n) = n**3 - n**2 - 2*n + 1. Calculate a(u).
-1
Let c(p) = -1 + 10*p**2 - 50*p + 48*p - p**2 + 3. Let r be c(1). Let y(k) = r + 2*k + k - 17 + 11 - 3*k**2. Calculate y(-2).
-15
Suppose -5*j + 1 + 4 = 0. Let y(k) = 2*k**3 + 5*k**2 - 14*k + 14. Let x(o) = 2*o**3 + 3*o**2 - 8*o + 8. Let m(q) = 7*x(q) - 4*y(q). Determine m(j).
7
Suppose -49*u = 505 - 242 + 472. Let c(j) = j**3 + 16*j**2 + 10*j - 69. What is c(u)?
6
Let o(x) = -x**2 + x + 6. Suppose -w + 5 + 22 = 2*u, 3*u - 33 = w. Suppose 40 = -u*a + 17*a. Suppose 2*d = -3*g + a, -7 = -2*g - 4*d + 9. Give o(g).
6
Let w(p) = -7*p**3 - 4*p**2 + 2. Let m(c) = 2*c**3 - 33*c**2 + 19*c - 47. Let g be m(16). Calculate w(g).
-9
Suppose 0 = -30*h - 241 - 298 + 59. Let l(p) = -93*p - 1486. Give l(h).
2
Let v(z) = 23*z**2 - 28*z - 1. Let q be v(1). Let w(s) = -2 - 5*s**2 - 7*s + 4*s**2 + 3*s**2 - 3*s**2. What is w(q)?
4
Let o be (-9 + (-3 - -10))*77/14. Let q(l) = -9*l - 98. Calculate q(o).
1
Let p(t) = -4*t**2 + t + 1. Suppose 0 = -0*a + 4*a. Suppose a = 3*g + 16 - 25. Suppose -11 = -3*c - 5*f, g*c - 5*f - 1 = -0. Give p(c).
-13
Let u(r) = -3 + 9*r**2 + 0 - 21*r + 5*r - 10 - 8*r**2. Determine u(17).
4
Let u(l) = l**2 + 10*l + 10. Let q be ((-52)/(-10) - 1)*(-4 + 9). Suppose -48 = -15*d + q*d. Give u(d).
-6
Suppose 3*p - 3*y = 2*y + 329, p + y - 115 = 0. Let a = -117 + p. Let v(j) = 4*j**2 + 7*j**2 - 5*j - 6 - 13*j**2. Give v(a).
-18
Let a(q) be the second derivative of q**7/840 - q**6/72 + q**5/120 + q**3/3 - 16*q**2 + 86*q. Let r(m) be the second derivative of a(m). Calculate r(5).
5
Let g(n) be the third derivative of n**4/24 + n**3/6 - 39*n**2 - 5*n. Suppose 0 = -p - i - 4 + 5, -5*p - 4*i + 7 = 0. Suppose v - p*v = 3*v. Determine g(v).
1
Let a(o) = o**3 - 10*o**2 - 13*o + 19. Let c be (-63)/84*(-24)/(-9)*(-44)/8. Determine a(c).
-3
Let n(i) = i**3 + 11685*i**2 + 1 - 2*i - 5 + 0*i**3 - 11687*i**2. Let u be (9/2)/((-12)/(-8)). What is n(u)?
-1
Suppose -4*x + m + 21 = 0, -4*m + 16 = 4*x - 0. Let g(n) be the second derivative of -n**5/20 + n**4/3 + 4*n**3/3 - 3*n**2 + 1006*n. Give g(x).
9
Suppose -22*q - 113 = -6*q + 15. Let i(j) = 0*j**2 - 17*j**2 + 3*j - 7*j**2 - 3*j**3 + 20. Let f be i(q). Let a(u) = -u**2 - 6*u + 4. Determine a(f).
12
Let l(a) = 4*a + 10. Suppose -342 = 2263*y - 2225*y. Calculate l(y).
-26
Let r(j) = 4*j - 7. Let x(i) = -3*i + 60. Let g be x(19). Let q(z) = -3*z + 6. Let l(m) = g*q(m) + 2*r(m). Give l(-3).
7
Let f(v) = v**2 - 62*v + 182. Let g be f(3). Let l(q) = 2*q**2 - 11*q + 10. Calculate l(g).
5
Let s(m) = -4*m - 6. Let i(n) = n. Let t(d) = -5*i(d) - s(d). Let q(k) = 3*k**2 + 13*k - 12. Let a be q(-6). Suppose -7*b = -4*b - a. Give t(b).
0
Let j(q) = q**3 + q**2 - q + 6. Suppose -9*i + 3991 = 4*i. Let d = i + -307. Give j(d).
6
Let b(n) = -49 - 611*n**2 - 89*n - 127 + 610*n**2. Calculate b(-2).
-2
Let a(m) = -m**2 + 10*m - 8. Let o(w) = -6*w + 1. Let c be o(0). Let u be -3 - -16 - (-3)/(c - 2). Determine a(u).
-8
Let a(y) = -y**2 - 12*y - 5. Suppose 3*r = 4*o + 250, -r + o = -0*r - 83. Suppose -r*z - 108 = -70*z. Determine a(z).
22
Let g(r) = 2*r + 9. Let h be g(-6). Let v = 1509 - 1503. Let w be h + (v - (-4 - -4)). Let t(p) = -p**2 + 2. Give t(w).
-7
Let n(v) = 5*v**3 + 66*v**2 + 14*v + 17. Let r(b) = -b**2 - 35*b - 47. Let w be r(-34). Let q be n(w). Let g(l) = 16*l - 9*l - 9*l + 3 - 5. Give g(q).
-10
Let g(i) = 110 - 16*i + 80 - 261 + 17*i. Give g(21).
-50
Let u(n) be the second derivative of n**3 + n**2 - 255*n + 3. Determine u(0).
2
Let h = 37 + -13. Suppose -21 = -h*d + 21*d. Suppose 0 = 4*k + d + 13. Let q(v) = v + 3. Determine q(k).
-2
Let m(o) = o**3 + 12*o**2 - 9*o + 19. Let x be m(-13). Let s = 53 + x. Let y(p) = -2*p + 7 - 11*p**2 + s*p**2 - 10*p**2. Calculate y(-5).
-8
Suppose -5*c - 20 = -0*c. Let k(n) = -5*n**2 + n + 20. Let a(r) = -9*r**2 + 2*r + 35. Let u(l) = 3*a(l) - 5*k(l). Determine u(c).
-31
Let f(w) = -w**3 + 8*w**2 - 8*w + 20. Let u be f(8). Let v = -28 - u. Suppose -t - 3*c - 10 = 0, -t - 4*c + 1 = v. Let s(q) = q**2 - 3*q. Calculate s(t).
10
Let g = 9 - 13. Let m(d) = -16*d**3 - 4*d**2 - 16*d - 8. Let r(t) = 13*t**3 + 4*t**2 + 13*t + 6. Let y(i) = -4*m(i) - 5*r(i). Determine y(g).
6
Let y(w) = -9*w - 3*w + 2*w - 30 + 7*w. Give y(-8).
-6
Let s(p) = -p**2 + 6*p - 4. Let z = 1011 - 1008. Let c(b) = 4*b**2 - 8*b - 7. Let m be c(z). Give s(m).
1
Suppose -16 = -24*x + 16*x. Suppose x*v + 2*l = 32, 60 = 5*v - 7*l + 2*l. Let k(i) = i - 8. Determine k(v).
6
Let u(y) = y**3 - 12*y**2 - 6*y - 3. Let s(o) = -2*o**2 - 2*o**3 + 1 + 27*o**2 - 35*o + 6 + 48*o. Let l(n) = 6*s(n) + 13*u(n). Let h = 119 - 113. Give l(h).
3
Let u(q) = q**3 + q**2 + q + 4. Suppose 25*z + 1773 = -1027. Let n = z - -112. Give u(n).
4
Suppose 5*m + 7*m + 6*m = 0. Let x(v) = -v - 30. Calculate x(m).
-30
Let u(y) = -y**3 - 4*y**2 + 4. Suppose 11*n - 379 = 6. Suppose -z = -4*k - 13, 2*z + 10 = -36*k + n*k. Calculate u(k).
4
Let o(y) = -44*y**2 + y + 1. Let n(i) = 45*i - 2116. Let d be n(47). What is o(d)?
-44
Let i(g) = g**2 + 7*g - 3. Suppose 0 = -3*z + 9, -2*v + 0*z + 3*z = 633. Let j = v - -305. Calculate i(j).
-3
Let n(p) = 6*p**2 + 1. Suppose -5*r + 0 = 10. Let l = r - -7. Let c be (-4 + l)*((-3)/(-1))/(-3). Determine n(c).
7
Let n(v) = -v*